450?
False
Is 28413 a multiple of 3?
True
Does 937 divide 4827424?
True
Is 68484 a multiple of 11?
False
Is 1185808 a multiple of 8?
True
Is 1487 a factor of 5898798?
False
Does 6 divide 236832?
True
Is 708189 a multiple of 2?
False
Is 49 a factor of 806393?
True
Is 1090883 a multiple of 14?
False
Is 39 a factor of 558901?
False
Is 21413 a multiple of 19?
True
Is 6 a factor of 45460?
False
Is 1058607 a multiple of 25?
False
Does 532 divide 641060?
True
Is 54206 a multiple of 22?
False
Does 83 divide 696033?
False
Is 1200460 a multiple of 889?
False
Does 330 divide 242247?
False
Is 1296888 a multiple of 15?
False
Does 289 divide 8558713?
False
Is 56 a factor of 5270440?
True
Is 15 a factor of 1156635?
True
Is 994510 a multiple of 14?
False
Is 480 a factor of 3824767?
False
Is 28 a factor of 1280011?
False
Is 68 a factor of 136272?
True
Does 13 divide 66143?
False
Is 897 a factor of 5330871?
True
Is 3087132 a multiple of 68?
True
Does 81 divide 4121668?
False
Is 8637051 a multiple of 183?
True
Does 8 divide 493014?
False
Does 45 divide 722565?
True
Is 1810782 a multiple of 18?
True
Does 6 divide 185046?
True
Is 50 a factor of 14371650?
True
Is 4111 a multiple of 160?
False
Does 159 divide 276183?
True
Is 88160 a multiple of 18?
False
Is 9845464 a multiple of 12?
False
Is 80277 a multiple of 20?
False
Is 320580 a multiple of 180?
True
Is 35 a factor of 159480?
False
Is 77936 a multiple of 113?
False
Does 18 divide 790713?
False
Is 7 a factor of 273646?
False
Is 178 a factor of 63012?
True
Is 28130 even?
True
Is 61 a factor of 802896?
False
Is 575578 a multiple of 121?
False
Is 169309 even?
False
Does 1012 divide 1951058?
False
Does 61 divide 166652?
True
Does 147 divide 505027?
False
Is 48 a factor of 450710?
False
Is 32 a factor of 4017376?
True
Does 18 divide 1452870?
True
Does 869 divide 5763065?
False
Is 50 a factor of 7266450?
True
Is 7 a factor of 136079?
False
Is 3917421 a multiple of 1549?
True
Is 114900 a multiple of 29?
False
Does 287 divide 161621?
False
Is 383 a factor of 714295?
True
Is 550304 a multiple of 2?
True
Is 60 a factor of 106500?
True
Is 2119392 a multiple of 24?
True
Is 17640 a multiple of 140?
True
Is 339455 a multiple of 5?
True
Is 21963 a multiple of 3?
True
Does 390 divide 3694754?
False
Is 19 a factor of 269800?
True
Is 45 a factor of 108082?
False
Is 3 a factor of 109234?
False
Is 98762 a multiple of 259?
False
Is 8 a factor of 294403?
False
Does 192 divide 62400?
True
Does 42 divide 2784662?
False
Does 22 divide 108922?
True
Is 17477952 a multiple of 696?
True
Does 758 divide 3928714?
True
Does 112 divide 1278704?
True
Is 17 a factor of 60520?
True
Is 126 a factor of 4030629?
False
Is 9 a factor of 40752?
True
Is 188 a factor of 1793896?
True
Is 25862 a multiple of 4?
False
Does 118 divide 529050?
False
Is 565452 a multiple of 139?
True
Is 25 a factor of 6931225?
True
Does 2613 divide 9283697?
False
Does 18 divide 48006?
True
Is 16643 a multiple of 12?
False
Is 722 a factor of 367498?
True
Is 44 a factor of 4206400?
True
Does 195 divide 430476?
False
Is 4299868 a multiple of 1082?
True
Does 21 divide 11382?
True
Is 13 a factor of 441687?
False
Is 155 a multiple of 125?
False
Does 108 divide 4544?
False
Does 111 divide 90576?
True
Is 399 a factor of 14364?
True
Is 453490 a multiple of 505?
True
Does 10 divide 5672486?
False
Does 375 divide 1253835?
False
Is 904 a factor of 2479672?
True
Does 60 divide 935280?
True
Is 850996 a multiple of 82?
True
Is 490213 a multiple of 57?
False
Does 4 divide 132181?
False
Is 655 a factor of 4550251?
False
Is 10 a factor of 268245?
False
Is 115280 a multiple of 5?
True
Is 245436 a multiple of 430?
False
Does 5 divide 107710?
True
Is 2989 a factor of 40593609?
True
Does 141 divide 7666754?
False
Is 9825 a multiple of 142?
False
Does 42 divide 67410?
True
Is 42151 a multiple of 61?
True
Does 96 divide 50903?
False
Is 799410 a multiple of 78?
False
Is 3404556 a multiple of 306?
True
Is 429000 a multiple of 44?
True
Is 16 a factor of 3571191?
False
Does 41 divide 515657?
True
Is 1556501 a multiple of 34?
False
Is 26 a factor of 15213224?
True
Is 482247 a multiple of 6?
False
Does 51 divide 458743?
False
Is 794088 a multiple of 24?
True
Does 3 divide 38864?
False
Is 14590362 a multiple of 618?
True
Is 228083 even?
False
Does 20 divide 97080?
True
Is 217287 a multiple of 33?
False
Does 10 divide 5114870?
True
Is 157 a factor of 59032?
True
Is 1078 a factor of 5444452?
False
Is 10 a factor of 924734?
False
Does 29 divide 457446?
True
Does 24 divide 264600?
True
Does 16 divide 1120852?
False
Does 451 divide 385924?
False
Is 52384 a multiple of 523?
False
Does 418 divide 617804?
True
Is 2868488 a multiple of 56?
True
Is 138225 a multiple of 75?
True
Is 15 a factor of 264039?
False
Is 13876847 a multiple of 534?
False
Is 250 a factor of 1332250?
True
Does 689 divide 1980135?
False
Does 57 divide 768879?
False
Is 135 a factor of 4315751?
False
Is 8 a factor of 22669?
False
Does 645 divide 358923?
False
Is 1412136 a multiple of 36?
True
Does 94 divide 187937?
False
Is 1343928 a multiple of 6?
True
Is 2 a factor of 9974?
True
Does 321 divide 359199?
True
Does 19 divide 63156?
True
Is 646 a factor of 760988?
True
Is 106559 a multiple of 168?
False
Is 48 a factor of 28717?
False
Is 692 a factor of 186319?
False
Does 11 divide 205073?
True
Is 58392 a multiple of 9?
True
Does 22 divide 15891370?
True
Is 32355 a multiple of 45?
True
Is 4 a factor of 85244?
True
Does 21 divide 2415021?
True
Is 42 a factor of 235284?
True
Is 47509 a multiple of 77?
True
Is 751870 a multiple of 21?
False
Is 1131648 a multiple of 28?
True
Is 12 a factor of 4621764?
True
Is 465 a factor of 345683?
False
Is 1681320 a multiple of 755?
False
Does 24 divide 31824?
True
Is 15469045 a multiple of 13?
False
Does 18 divide 469782?
True
Is 23594874 a multiple of 321?
False
Does 15 divide 9918765?
True
Is 2475237 a multiple of 87?
True
Is 339066 a multiple of 351?
True
Is 3564 a multiple of 200?
False
Is 7336000 a multiple of 125?
True
Does 124 divide 17920356?
True
Is 3 a factor of 174870?
True
Does 432 divide 4559760?
True
Is 15 a factor of 856395?
True
Is 5985 a multiple of 7?
True
Does 49 divide 721343?
False
Does 1101 divide 2032446?
True
Is 293 a factor of 2547345?
False
Is 367 a factor of 252129?
True
Is 15 a factor of 250455?
True
Is 23 a factor of 1936531?
True
Does 170 divide 279995?
False
Does 192 divide 12616?
False
Is 938817 a multiple of 109?
True
Does 174 divide 123657?
False
Does 2 divide 16256?
True
Is 232391 a multiple of 15?
False
Is 1142774 a multiple of 17?
True
Is 75 a factor of 932100?
True
Is 84334 a multiple of 8?
False
Is 10680 a multiple of 48?
False
Does 11 divide 41842?
False
Is 978 a factor of 3663588?
True
Does 215 divide 384806?
False
Is 27 a factor of 1185651?
True
Is 526860 a multiple of 24?
False
Is 297714 a multiple of 29?
True
Is 143902 a multiple of 211?
True
Is 15 a factor of 79635?
True
Is 181 a factor of 6407069?
False
Is 16 a factor of 48086?
False
Is 127171 a multiple of 188?
False
Does 62 divide 6264108?
True
Is 75 a factor of 3332331?
False
Is 3391289 a multiple of 15?
False
Is 322 a factor of 2858394?
True
Is 20 a factor of 208387?
False
Is 1230495 a multiple of 15?
True
Is 209 a factor of 117876?
True
Is 35 a factor of 64762?
False
Is 10 a factor of 6509520?
True
Does 11 divide 1279839?
True
Is 370 a factor of 309690?
True
Does 22 divide 258808?
True
Is 1595152 a multiple of 104?
True
Is 1389804 a multiple of 177?
True
Does 5 divide 387177?
False
Is 5237772 a multiple of 7?
False
Does 180 divide 2867789?
False
Is 5005725 a multiple of 75?
True
Is 5853160 a multiple of 328?
True
Is 52 a factor of 282412?
True
Is 194062 a multiple of 32?
False
Does 1557 divide 21400965?
True
Is 81300 a multiple of 10?
True
Is 487987 a multiple of 444?
False
Is 740 a factor of 1310540?
True
Is 139 a factor of 239662?
False
Is 115 a factor of 1259443?
False
Is 186172 a multiple of 293?
False
Is 31 a factor of 107027?
False
Is 2200218 a multiple of 17?
False
Is 3680130 a multiple of 25?
False
Is 134 a factor of 1958658?
False
Is 12 a factor of 9517?
False
Does 8 divide 977269?
False
Is 12 a factor of 27960?
True
Is 191414 a multiple of 9?
False
Is 272492 a multiple of 484?
True
Is 3674457 a multiple o